 factors of 62775.
3, 5, 31
List the prime factors of 112553.
7, 2297
What are the prime factors of 443?
443
What are the prime factors of 51052?
2, 12763
What are the prime factors of 2754?
2, 3, 17
List the prime factors of 352.
2, 11
List the prime factors of 413.
7, 59
What are the prime factors of 624?
2, 3, 13
List the prime factors of 1661.
11, 151
What are the prime factors of 6341?
17, 373
What are the prime factors of 75067?
271, 277
List the prime factors of 742.
2, 7, 53
What are the prime factors of 1547?
7, 13, 17
List the prime factors of 855.
3, 5, 19
List the prime factors of 12299.
7, 251
What are the prime factors of 957?
3, 11, 29
What are the prime factors of 332?
2, 83
What are the prime factors of 48712?
2, 6089
What are the prime factors of 101950?
2, 5, 2039
List the prime factors of 106923.
3, 29, 1229
List the prime factors of 3107.
13, 239
List the prime factors of 1415.
5, 283
List the prime factors of 56171.
56171
List the prime factors of 1264.
2, 79
What are the prime factors of 10817?
29, 373
List the prime factors of 2324.
2, 7, 83
List the prime factors of 4282.
2, 2141
What are the prime factors of 10715?
5, 2143
List the prime factors of 6498.
2, 3, 19
List the prime factors of 4215.
3, 5, 281
List the prime factors of 10334.
2, 5167
What are the prime factors of 1058?
2, 23
What are the prime factors of 17686?
2, 37, 239
What are the prime factors of 75472?
2, 53, 89
What are the prime factors of 2905?
5, 7, 83
List the prime factors of 28767.
3, 43, 223
What are the prime factors of 258?
2, 3, 43
List the prime factors of 197.
197
What are the prime factors of 10676?
2, 17, 157
List the prime factors of 25757.
43, 599
List the prime factors of 22011.
3, 11, 23, 29
List the prime factors of 206.
2, 103
What are the prime factors of 977?
977
What are the prime factors of 180505?
5, 13, 2777
What are the prime factors of 55623?
3, 18541
What are the prime factors of 24134?
2, 11, 1097
List the prime factors of 54275.
5, 13, 167
What are the prime factors of 10331?
10331
List the prime factors of 1018.
2, 509
What are the prime factors of 17926?
2, 8963
What are the prime factors of 2733?
3, 911
List the prime factors of 54033.
3, 7, 31, 83
What are the prime factors of 3658?
2, 31, 59
List the prime factors of 1961.
37, 53
What are the prime factors of 80745?
3, 5, 7, 769
What are the prime factors of 18159?
3, 6053
List the prime factors of 3275.
5, 131
What are the prime factors of 35727?
3, 11909
What are the prime factors of 85810?
2, 5, 8581
What are the prime factors of 5011?
5011
What are the prime factors of 323?
17, 19
List the prime factors of 2254.
2, 7, 23
What are the prime factors of 8693?
8693
What are the prime factors of 2166?
2, 3, 19
What are the prime factors of 656?
2, 41
What are the prime factors of 150634?
2, 11, 41, 167
List the prime factors of 9.
3
What are the prime factors of 78208?
2, 13, 47
List the prime factors of 20589.
3, 6863
What are the prime factors of 1422?
2, 3, 79
What are the prime factors of 1599?
3, 13, 41
What are the prime factors of 2618?
2, 7, 11, 17
List the prime factors of 31291.
13, 29, 83
List the prime factors of 1141.
7, 163
List the prime factors of 737.
11, 67
List the prime factors of 67600.
2, 5, 13
What are the prime factors of 48507?
3, 19, 23, 37
List the prime factors of 102870.
2, 3, 5, 127
What are the prime factors of 91597?
11, 757
List the prime factors of 7469.
7, 11, 97
What are the prime factors of 120448?
2, 941
List the prime factors of 16419.
3, 13, 421
What are the prime factors of 15548?
2, 13, 23
What are the prime factors of 543?
3, 181
What are the prime factors of 3462?
2, 3, 577
What are the prime factors of 5346?
2, 3, 11
List the prime factors of 8420.
2, 5, 421
List the prime factors of 21262.
2, 10631
List the prime factors of 37748.
2, 9437
List the prime factors of 1980.
2, 3, 5, 11
List the prime factors of 30369.
3, 53, 191
What are the prime factors of 56?
2, 7
List the prime factors of 94534.
2, 11, 4297
List the prime factors of 4082.
2, 13, 157
What are the prime factors of 164?
2, 41
What are the prime factors of 6441?
3, 19, 113
What are the prime factors of 175615?
5, 11, 31, 103
What are the prime factors of 1572?
2, 3, 131
What are the prime factors of 12838?
2, 7, 131
What are the prime factors of 864?
2, 3
What are the prime factors of 2188?
2, 547
What are the prime factors of 556?
2, 139
What are the prime factors of 141?
3, 47
What are the prime factors of 3122?
2, 7, 223
List the prime factors of 9893.
13, 761
What are the prime factors of 126361?
17, 7433
List the prime factors of 11998.
2, 7, 857
List the prime factors of 6899.
6899
What are the prime factors of 4002?
2, 3, 23, 29
What are the prime factors of 27293?
7, 557
What are the prime factors of 15395?
5, 3079
List the prime factors of 5971.
7, 853
List the prime factors of 3320.
2, 5, 83
List the prime factors of 194.
2, 97
What are the prime factors of 3016?
2, 13, 29
What are the prime factors of 1642?
2, 821
What are the prime factors of 70570?
2, 5, 7057
List the prime factors of 33.
3, 11
What are the prime factors of 56?
2, 7
What are the prime factors of 13187?
13187
List the prime factors of 63476.
2, 7, 2267
List the prime factors of 723.
3, 241
What are the prime factors of 24504?
2, 3, 1021
List the prime factors of 497.
7, 71
What are the prime factors of 3496?
2, 19, 23
What are the prime factors of 3779?
3779
List the prime factors of 1374.
2, 3, 229
List the prime factors of 751.
751
List the prime factors of 3791.
17, 223
What are the prime factors of 3111?
3, 17, 61
What are the prime factors of 13189?
11, 109
List the prime factors of 149520.
2, 3, 5, 7, 89
List the prime factors of 100578.
2, 3, 16763
List the prime factors of 8326.
2, 23, 181
List the prime factors of 5261.
5261
List the prime factors of 3710.
2, 5, 7, 53
List the prime factors of 11382.
2, 3, 7, 271
What are the prime factors of 214?
2, 107
List the prime factors of 46946.
2, 23473
List the prime factors of 803.
11, 73
List the prime factors of 17048.
2, 2131
List the prime factors of 894.
2, 3, 149
List the prime factors of 5624.
2, 19, 37
List the prime factors of 98460.
2, 3, 5, 547
List the prime factors of 20332.
2, 13, 17, 23
What are the prime factors of 38830?
2, 5, 11, 353
List the prime factors of 13840.
2, 5, 173
List the prime factors of 12570.
2, 3, 5, 419
What are the prime factors of 176615?
5, 35323
List the prime factors of 21138.
2, 3, 13, 271
What are the prime factors of 13662?
2, 3, 11, 23
List the prime factors of 82137.
3, 11, 19, 131
What are the prime factors of 1429?
1429
What are the prime factors of 484?
2, 11
List the prime factors of 6100.
2, 5, 61
List the prime factors of 349.
349
What are the prime factors of 1497?
3, 499
List the prime factors of 1066.
2, 13, 41
List the prime factors of 10680.
2, 3, 5, 89
What are the prime factors of 79?
79
List the prime factors of 9835.
5, 7, 281
List the prime factors of 231.
3, 7, 11
What are the prime factors of 643?
643
What are the prime factors of 20924?
2, 5231
What are the prime factors of 24503?
107, 229
List the prime factors of 921.
3, 307
What are the prime factors of 15?
3, 5
What are the prime factors of 50597?
19, 2663
What are the prime factors of 1777?
1777
What are the prime factors of 10625?
5, 17
List the prime factors of 1134.
2, 3, 7
List the prime factors of 17313.
3, 29, 199
What are the prime factors of 6908?
2, 11, 157
List the prime factors of 147479.
139, 1061
What are the prime factors of 9320?
2, 5, 233
What are the prime factors of 19870?
2, 5, 1987
What are the prime factors of 65371?
65371
List the prime factors of 1141.
7, 163
What are the prime factors of 11360?
2, 5, 71
List the prime factors of 1819.
17, 107
What are the prime factors of 21707?
7, 443
What are the prime factors of 159?
3, 53
What are the prime factors of 1767?
3, 19, 31
List the prime factors of 9881.
41, 241
What are the prime factors of 2417?
2417
What are the prime factors of 38308?
2, 61, 157
List the prime factors of 1190.
2, 5, 7, 17
List the prime factors of 100486.
2, 47, 1069
What are the prime factors of 2810?
2, 5, 281
What are the prime factors of 80108?
2, 7, 2861
L